{"id":286,"date":"2024-07-09T18:17:07","date_gmt":"2024-07-09T18:17:07","guid":{"rendered":"https:\/\/www.chaba.com.tr\/?page_id=286"},"modified":"2024-09-12T18:17:34","modified_gmt":"2024-09-12T18:17:34","slug":"vizyon-misyon","status":"publish","type":"page","link":"https:\/\/www.chaba.com.tr\/index.php\/vizyon-misyon\/","title":{"rendered":"Vizyon &#038; Misyon"},"content":{"rendered":"\n<h2 class=\"wp-block-heading\">Vizyon<\/h2>\n\n\n\n<p>M\u00fchendislik alan\u0131nda yenilik\u00e7i \u00e7\u00f6z\u00fcmlerle sekt\u00f6r\u00fcm\u00fczde lider olmak, s\u00fcrd\u00fcr\u00fclebilir ve ileri teknolojiler kullanarak gelece\u011fin m\u00fchendislik d\u00fcnyas\u0131na y\u00f6n vermek.<\/p>\n\n\n\n<h2 class=\"wp-block-heading\">Misyon<\/h2>\n\n\n\n<p>M\u00fc\u015fterilerimize en y\u00fcksek kalitede m\u00fchendislik hizmetleri sunarak, onlar\u0131n ba\u015far\u0131lar\u0131na katk\u0131da bulunmak ve sekt\u00f6rde g\u00fcvenilir bir \u00e7\u00f6z\u00fcm orta\u011f\u0131 olmakt\u0131r.<\/p>\n\n\n\n<h4 class=\"wp-block-heading\">DEGERLERIMIZ<\/h4>\n\n\n\n<ol>\n<li><strong>M\u00fckemmeliyet<\/strong><br>Y\u00fcksek kalite standartlar\u0131na ula\u015fmay\u0131 ve her projede en iyi sonu\u00e7lar\u0131 elde etmeyi hedefliyoruz. \u0130\u015fimizde detaylara \u00f6nem vererek, s\u00fcrekli iyile\u015ftirme ve m\u00fckemmeliyet aray\u0131\u015f\u0131n\u0131 s\u00fcrd\u00fcr\u00fcyoruz.<\/li>\n\n\n\n<li><strong>Yenilik\u00e7ilik<\/strong><br>En son teknolojileri ve m\u00fchendislik y\u00f6ntemlerini kullanarak, m\u00fc\u015fterilerimize yarat\u0131c\u0131 ve inovatif \u00e7\u00f6z\u00fcmler sunuyoruz. S\u00fcrekli geli\u015fen m\u00fchendislik d\u00fcnyas\u0131nda, yenili\u011fi her zaman \u00f6n planda tutuyoruz.<\/li>\n\n\n\n<li><strong>G\u00fcvenilirlik<\/strong><br>Taahh\u00fct etti\u011fimiz i\u015fleri zaman\u0131nda ve eksiksiz yerine getiriyoruz. M\u00fc\u015fterilerimizle olan ili\u015fkilerimizde g\u00fcven, d\u00fcr\u00fcstl\u00fck ve \u015feffafl\u0131k temel ilkelerimizdir.<\/li>\n\n\n\n<li><strong>\u00c7\u00f6z\u00fcm Odakl\u0131l\u0131k<\/strong><br>M\u00fc\u015fterilerimizin ihtiya\u00e7lar\u0131n\u0131 en iyi \u015fekilde anlamak ve onlar\u0131n hedeflerine ula\u015fmalar\u0131n\u0131 sa\u011flayacak \u00e7\u00f6z\u00fcmleri \u00fcretmek, \u00e7al\u0131\u015fma prensiplerimizin merkezinde yer al\u0131r. Her projede sorumluluk alarak, sonu\u00e7 odakl\u0131 hareket ederiz.<\/li>\n\n\n\n<li><strong>S\u00fcrd\u00fcr\u00fclebilirlik<\/strong><br>\u00c7evreye duyarl\u0131 ve uzun vadede de\u011fer yaratan \u00e7\u00f6z\u00fcmler \u00fcretmeye \u00f6zen g\u00f6steriyoruz. Maliyet, zaman ve kaynak y\u00f6netiminde s\u00fcrd\u00fcr\u00fclebilir yakla\u015f\u0131mlar benimseyerek, sekt\u00f6rde olumlu etkiler yarat\u0131yoruz.<\/li>\n\n\n\n<li><strong>Tak\u0131m \u00c7al\u0131\u015fmas\u0131<\/strong><br>Ekip ruhunu ve i\u015f birli\u011fini \u00f6n planda tutarak, i\u00e7 ve d\u0131\u015f payda\u015flar\u0131m\u0131zla etkili ve uyumlu bir \u00e7al\u0131\u015fma y\u00fcr\u00fct\u00fcyoruz. Ba\u015far\u0131y\u0131 birlikte elde eder, ortak hedefler do\u011frultusunda hareket ederiz.<\/li>\n\n\n\n<li><strong>M\u00fc\u015fteri Memnuniyeti<\/strong><br>M\u00fc\u015fterilerimizin beklentilerini a\u015fmak ve uzun vadeli i\u015f birlikleri kurmak \u00f6nceli\u011fimizdir. Her projede, m\u00fc\u015fteri memnuniyetini en \u00fcst d\u00fczeyde tutmay\u0131 ilke ediniriz.<\/li>\n<\/ol>\n","protected":false},"excerpt":{"rendered":"<p>Vizyon M\u00fchendislik alan\u0131nda yenilik\u00e7i \u00e7\u00f6z\u00fcmlerle sekt\u00f6r\u00fcm\u00fczde lider olmak, s\u00fcrd\u00fcr\u00fclebilir ve ileri teknolojiler kullanarak gelece\u011fin m\u00fchendislik d\u00fcnyas\u0131na y\u00f6n vermek. Misyon M\u00fc\u015fterilerimize en y\u00fcksek kalitede m\u00fchendislik hizmetleri sunarak, onlar\u0131n ba\u015far\u0131lar\u0131na katk\u0131da bulunmak ve sekt\u00f6rde g\u00fcvenilir bir \u00e7\u00f6z\u00fcm orta\u011f\u0131 olmakt\u0131r. DEGERLERIMIZ<\/p>\n","protected":false},"author":1,"featured_media":0,"parent":0,"menu_order":0,"comment_status":"closed","ping_status":"closed","template":"","meta":{"footnotes":""},"_links":{"self":[{"href":"https:\/\/www.chaba.com.tr\/index.php\/wp-json\/wp\/v2\/pages\/286"}],"collection":[{"href":"https:\/\/www.chaba.com.tr\/index.php\/wp-json\/wp\/v2\/pages"}],"about":[{"href":"https:\/\/www.chaba.com.tr\/index.php\/wp-json\/wp\/v2\/types\/page"}],"author":[{"embeddable":true,"href":"https:\/\/www.chaba.com.tr\/index.php\/wp-json\/wp\/v2\/users\/1"}],"replies":[{"embeddable":true,"href":"https:\/\/www.chaba.com.tr\/index.php\/wp-json\/wp\/v2\/comments?post=286"}],"version-history":[{"count":7,"href":"https:\/\/www.chaba.com.tr\/index.php\/wp-json\/wp\/v2\/pages\/286\/revisions"}],"predecessor-version":[{"id":443,"href":"https:\/\/www.chaba.com.tr\/index.php\/wp-json\/wp\/v2\/pages\/286\/revisions\/443"}],"wp:attachment":[{"href":"https:\/\/www.chaba.com.tr\/index.php\/wp-json\/wp\/v2\/media?parent=286"}],"curies":[{"name":"wp","href":"https:\/\/api.w.org\/{rel}","templated":true}]}}